101011011001001
In base 3, what is 101022 - -1020100011100?
1020100112122
In base 7, what is 36 - -45162450?
45162516
In base 5, what is 411222311 + -131?
411222130
In base 15, what is -69 + -54a24a?
-54a2b4
In base 3, what is -2022 + 21211200101?
21211121002
In base 7, what is 1011650 + -15236?
663411
In base 10, what is 1143 - -5901?
7044
In base 9, what is 105122700 - 5?
105122684
In base 15, what is -202a - -12bc?
-c5d
In base 8, what is 26 - 36656513?
-36656465
In base 8, what is 211043 - 561?
210262
In base 15, what is -e615165 + -3?
-e615168
In base 4, what is -1000230 + -203301110?
-210302000
In base 7, what is -14060 - 6512?
-23602
In base 12, what is -ab - 24669?
-24758
In base 14, what is 4d97 + -504a?
-93
In base 7, what is -3 + -654016612?
-654016615
In base 5, what is -1043404 - 3404311?
-10003220
In base 16, what is 3d0bcdc - 5?
3d0bcd7
In base 6, what is 1054504 + 154?
1055102
In base 2, what is 100010 - 1011010110110010001101?
-1011010110110001101011
In base 3, what is -12 + -2210222111121001?
-2210222111121020
In base 9, what is -47 - -240274?
240226
In base 11, what is -6635 + 689?
-5a57
In base 3, what is 121122100200 - 21?
121122100102
In base 2, what is -101110100100001111101 + -1001000?
-101110100100011000101
In base 13, what is 62 + -148c6c?
-148c0a
In base 12, what is -17 + -267256?
-267271
In base 15, what is -5763 - -136?
-562c
In base 16, what is -1e - -ab1ed?
ab1cf
In base 8, what is 4365407 + -12?
4365375
In base 15, what is -9910240 - 1?
-9910241
In base 9, what is 883401672 + -5?
883401666
In base 4, what is -1012 - 1210311020?
-1210312032
In base 11, what is 749 - 3008?
-236a
In base 14, what is 1415 + 2777?
3b8c
In base 3, what is -10112 - -1201220110012?
1201220022200
In base 13, what is -88b1c - 31?
-88b50
In base 2, what is 11110001110 - -11010110110?
111001000100
In base 10, what is 20 + 159792?
159812
In base 10, what is 95733 - -3?
95736
In base 13, what is 1756c19 + 9?
1756c25
In base 11, what is 1 - 5a3a295?
-5a3a294
In base 15, what is -b189289 - 4?
-b18928d
In base 13, what is 1a + 3023829?
3023846
In base 15, what is -d2beb90 + 0?
-d2beb90
In base 16, what is -533a1d7 + 4?
-533a1d3
In base 6, what is -4000334 + -130?
-4000504
In base 2, what is 101000000010010101 - -1011110?
101000000011110011
In base 2, what is 1010 - -100101111101110011100101?
100101111101110011101111
In base 5, what is -23112 + 222410?
144243
In base 14, what is 12b3 + -478?
c39
In base 12, what is -865946 + 3?
-865943
In base 8, what is -156 - -2727775?
2727617
In base 6, what is 155514034 - -41?
155514115
In base 2, what is -11001100010001 - -100100010100?
-10100111111101
In base 13, what is 54a201 + 3?
54a204
In base 9, what is -10 - -34730514?
34730504
In base 8, what is -57241 + -132550?
-212011
In base 16, what is 84 - f350?
-f2cc
In base 11, what is -323a6 + -9aa9?
-413a4
In base 2, what is -1101001010001101100100110 + 11?
-1101001010001101100100011
In base 10, what is -214 - 45538?
-45752
In base 2, what is -100 + 1000111111110010100110000111?
1000111111110010100110000011
In base 5, what is 2 + -2014440124?
-2014440122
In base 15, what is -31 - 42194?
-421c5
In base 5, what is -21 + 114442141?
114442120
In base 13, what is -258771146 - 4?
-25877114a
In base 13, what is 3 - -1337353?
1337356
In base 4, what is -11 - 20222230021?
-20222230032
In base 6, what is 215314513 + 0?
215314513
In base 14, what is aa900b - 1b?
aa8dd0
In base 14, what is 4a25132 - -d?
4a25141
In base 8, what is 3 + -77332537?
-77332534
In base 10, what is 412166 + 175?
412341
In base 3, what is -12001002000102 - 0?
-12001002000102
In base 12, what is -1 + -a316b3?
-a316b4
In base 11, what is -7 + 1371460?
1371454
In base 12, what is -2 - -14767466?
14767464
In base 14, what is 1934 - 139?
17d9
In base 3, what is -201122112 - 1011101?
-202210220
In base 10, what is 147 - -3905?
4052
In base 9, what is -60 + -6667876?
-6668046
In base 6, what is -2443 + -1424111?
-1430554
In base 11, what is 1121863a + -5?
11218635
In base 6, what is 10050424 + 3345?
10054213
In base 3, what is 1012111021 - 220211?
1011120110
In base 2, what is 10 + -11100100101101100001000101?
-11100100101101100001000011
In base 11, what is -4 + -30a4325?
-30a4329
In base 7, what is -26304401 - -402?
-26303666
In base 16, what is -8f - -17982d?
17979e
In base 3, what is 11000111 + -1102002011?
-1021001200
In base 11, what is -426 - -15a270?
159945
In base 7, what is 13460145362 - -2?
13460145364
In base 10, what is -747042 + -660?
-747702
In base 7, what is 206 + -1465122?
-1464613
In base 13, what is -5 - -203b09b?
203b096
In base 12, what is -878 + -1007a8?
-101464
In base 3, what is 22 - 21201002000022?
-21201002000000
In base 4, what is 3 + 1210002003123?
1210002003132
In base 3, what is -10222012121100220 - -12?
-10222012121100201
In base 7, what is -31644 - 50245?
-112222
In base 9, what is -82 + -1484520?
-1484612
In base 4, what is -22 + -110121023221?
-110121023303
In base 12, what is b6b + -6563?
-55b4
In base 10, what is 12983251 - -1?
12983252
In base 11, what is -a + 3602839?
360282a
In base 2, what is -10010100 - 1011001001010101101001?
-1011001001010111111101
In base 4, what is 2021 - -1331013211?
1331021232
In base 6, what is -11420154545 - -5?
-11420154540
In base 5, what is -1010201403410 + -10?
-1010201403420
In base 4, what is 10 - -23103230031?
23103230101
In base 13, what is -5c951 - -3?
-5c94b
In base 12, what is 1025 + -8a6?
33b
In base 14, what is -263a - -1d51?
-6c9
In base 8, what is -1 + -45656025?
-45656026
In base 16, what is -f9f - 54ba?
-6459
In base 14, what is 5 - -283393?
283398
In base 2, what is -10 + -10100101011001001111?
-10100101011001010001
In base 15, what is 18c5e + 518?
19277
In base 11, what is 113 + 36543?
36656
In base 15, what is 4375004 + -1?
4375003
In base 12, what is -107985 + 1a7?
-10779a
In base 13, what is -266b4 + 253?
-26461
In base 14, what is -4078 - -19d3?
-2485
In base 6, what is -3403343 + 415?
-3402524
In base 5, what is 133144402 - -1340?
133201242
In base 13, what is 5 - 335821b?
-3358216
In base 8, what is 161365 + -573?
160572
In base 16, what is 1 + f24ecf?
f24ed0
In base 8, what is 4634 - -2336?
7172
In base 8, what is 254712346 + -11?
254712335
In base 2, what is -10101101001001010110100011 - 100?
-10101101001001010110100111
In base 12, what is 396 + -5b780?
-5b3a6
In base 4, what is -3003031002 - -3011?
-3003021331
In base 12, what is 4aa4b9 - -b?
4aa508
In base 4, what is 2 - 320310330003?
-320310330001
In base 10, what is -4081 - 9142?
-13223
In base 2, what is -1010010101001110001011 + -100?
-1010010101001110001111
In base 4, what is -132212 + 1020320?
222102
In base 10, what is 78 + 961609?
961687
In base 2, what is -1000000110111110100001 + -1100001?
-1000000111000000000010
In base 6, what is -43 + 22320410?
22320323
In base 9, what is 2316 + 258001?
261317
In base 10, what is -215206 + 703?
-214503
In base 4, what is -31221 + -10213220?
-10311101
In base 7, what is 145 - -3430304?
3430452
In base 8, what is 24 - -23243063?
23243107
In base 10, what is 10 - -53724?
53734
In base 13, what is -a2783 - a?
-a2790
In base 6, what is 430022512 - -35?
430022551
In base 16, what is -1b6604b - -4?
-1b66047
In base 16, what is -11ff9db1 - 6?
-11ff9db7
In base 16, what is 27e0c5 - -2?
27e0c7
In base 3, what is -221101200202 + -120122?
-221102021101
In base 16, what is 9ec572 - -9?
9ec57b
In base 12, what is -292555511 + 1?
-292555510
In base 11, what is -341606 + 198?
-341419
In base 7, what is -124345446 - 12?
-124345461
In base 11, what is 10600 + 2198?
12798
In base 13, what is -31a2 + 1b26?
-1379
In base 7, what is 132653346 + 3?
132653352
In base 7, what is -332 - -120351?
120016
In base 7, what is 5316 + 311316?
316635
In base 2, what is -1100101010000110 - 1101011000?
-1100110111011110
In base 10, what is -35 + -186479?
-186514
In base 11, what is -1228 - 8a59?
-a186
In base 3, what is 101122220 - -112110?
102012100
In base 13, what is -1840b - -95?
-18346
In base 9, what is -23141 + 4700?
-17341
In base 14, what is -14c9 - -c65?
-664
In base 2, what is 10001 - -1101001010110100110?
1101001010110110111
In base 14, what is 50455d6 - 6?
50455d0
In base 3, what is -211211110 + -22012201?
-1011001011
In base 3, 